{"id":19,"date":"2022-04-05T11:06:54","date_gmt":"2022-04-05T09:06:54","guid":{"rendered":"http:\/\/www.openinformatique.com\/wordpress\/?page_id=19"},"modified":"2022-07-07T14:52:32","modified_gmt":"2022-07-07T12:52:32","slug":"recrutement","status":"publish","type":"page","link":"https:\/\/www.openinformatique.com\/wordpress\/?page_id=19","title":{"rendered":"Recrutement"},"content":{"rendered":"\t\t<div data-elementor-type=\"wp-page\" data-elementor-id=\"19\" class=\"elementor elementor-19\">\n\t\t\t\t\t\t<section class=\"elementor-section elementor-top-section elementor-element elementor-element-0c0c974 elementor-section-height-min-height elementor-reverse-mobile elementor-section-boxed elementor-section-height-default elementor-section-items-middle\" data-id=\"0c0c974\" data-element_type=\"section\" data-e-type=\"section\" data-settings=\"{&quot;background_background&quot;:&quot;classic&quot;}\">\n\t\t\t\t\t\t\t<div class=\"elementor-background-overlay\"><\/div>\n\t\t\t\t\t\t\t<div class=\"elementor-container elementor-column-gap-default\">\n\t\t\t\t\t<div class=\"elementor-column elementor-col-33 elementor-top-column elementor-element elementor-element-c84ec56\" data-id=\"c84ec56\" data-element_type=\"column\" data-e-type=\"column\" data-settings=\"{&quot;background_background&quot;:&quot;classic&quot;}\">\n\t\t\t<div class=\"elementor-widget-wrap elementor-element-populated\">\n\t\t\t\t\t\t<div class=\"elementor-element elementor-element-297eb3f elementor-widget__width-inherit elementor-hidden-desktop elementor-hidden-mobile elementor-widget elementor-widget-spacer\" data-id=\"297eb3f\" data-element_type=\"widget\" data-e-type=\"widget\" data-widget_type=\"spacer.default\">\n\t\t\t\t<div class=\"elementor-widget-container\">\n\t\t\t\t\t\t\t<div class=\"elementor-spacer\">\n\t\t\t<div class=\"elementor-spacer-inner\"><\/div>\n\t\t<\/div>\n\t\t\t\t\t\t<\/div>\n\t\t\t\t<\/div>\n\t\t\t\t\t<\/div>\n\t\t<\/div>\n\t\t\t\t<div class=\"elementor-column elementor-col-33 elementor-top-column elementor-element elementor-element-628aa6f\" data-id=\"628aa6f\" data-element_type=\"column\" data-e-type=\"column\">\n\t\t\t<div class=\"elementor-widget-wrap elementor-element-populated\">\n\t\t\t\t\t\t<div class=\"elementor-element elementor-element-60a4beb elementor-widget elementor-widget-heading\" data-id=\"60a4beb\" data-element_type=\"widget\" data-e-type=\"widget\" data-widget_type=\"heading.default\">\n\t\t\t\t<div class=\"elementor-widget-container\">\n\t\t\t\t\t<h2 class=\"elementor-heading-title elementor-size-default\">Rejoignez l\u2019\u00e9quipe<\/h2>\t\t\t\t<\/div>\n\t\t\t\t<\/div>\n\t\t\t\t<div class=\"elementor-element elementor-element-7302208 elementor-widget elementor-widget-text-editor\" data-id=\"7302208\" data-element_type=\"widget\" data-e-type=\"widget\" data-widget_type=\"text-editor.default\">\n\t\t\t\t<div class=\"elementor-widget-container\">\n\t\t\t\t\t\t\t\t\t<p>Venez partager nos valeurs de performance.<br \/>Vous \u00eates <span style=\"color: #408433;\"><b>chef de projet, analyste, d\u00e9veloppeur,<\/b><\/span> vous \u00eates passionn\u00e9 par votre m\u00e9tier, vous souhaitez <span style=\"color: #408433;\"><b>\u00e9voluer au sein d&rsquo;une \u00e9quipe \u00e0 taille humaine<\/b><\/span> et vous envisagez un partenariat \u00e0 long terme, <span style=\"color: #408433;\"><b>votre candidature nous int\u00e9resse !<\/b><\/span><\/p>\t\t\t\t\t\t\t\t<\/div>\n\t\t\t\t<\/div>\n\t\t\t\t\t<\/div>\n\t\t<\/div>\n\t\t\t\t<div class=\"elementor-column elementor-col-33 elementor-top-column elementor-element elementor-element-3a74ecf\" data-id=\"3a74ecf\" data-element_type=\"column\" data-e-type=\"column\">\n\t\t\t<div class=\"elementor-widget-wrap elementor-element-populated\">\n\t\t\t\t\t\t<div class=\"elementor-element elementor-element-2901292 elementor-hidden-desktop elementor-widget elementor-widget-spacer\" data-id=\"2901292\" data-element_type=\"widget\" data-e-type=\"widget\" data-widget_type=\"spacer.default\">\n\t\t\t\t<div class=\"elementor-widget-container\">\n\t\t\t\t\t\t\t<div class=\"elementor-spacer\">\n\t\t\t<div class=\"elementor-spacer-inner\"><\/div>\n\t\t<\/div>\n\t\t\t\t\t\t<\/div>\n\t\t\t\t<\/div>\n\t\t\t\t\t<\/div>\n\t\t<\/div>\n\t\t\t\t\t<\/div>\n\t\t<\/section>\n\t\t\t\t<section class=\"elementor-section elementor-top-section elementor-element elementor-element-542a6a8 elementor-reverse-mobile elementor-section-boxed elementor-section-height-default elementor-section-height-default\" data-id=\"542a6a8\" data-element_type=\"section\" data-e-type=\"section\">\n\t\t\t\t\t\t<div class=\"elementor-container elementor-column-gap-wider\">\n\t\t\t\t\t<div class=\"elementor-column elementor-col-50 elementor-top-column elementor-element elementor-element-f59c1bf\" data-id=\"f59c1bf\" data-element_type=\"column\" data-e-type=\"column\">\n\t\t\t<div class=\"elementor-widget-wrap elementor-element-populated\">\n\t\t\t\t\t\t<div class=\"elementor-element elementor-element-e0793f5 elementor-widget elementor-widget-heading\" data-id=\"e0793f5\" data-element_type=\"widget\" data-e-type=\"widget\" data-widget_type=\"heading.default\">\n\t\t\t\t<div class=\"elementor-widget-container\">\n\t\t\t\t\t<h2 class=\"elementor-heading-title elementor-size-default\">Notre \u00e9quipe<\/h2>\t\t\t\t<\/div>\n\t\t\t\t<\/div>\n\t\t\t\t<div class=\"elementor-element elementor-element-22cf67a elementor-widget elementor-widget-text-editor\" data-id=\"22cf67a\" data-element_type=\"widget\" data-e-type=\"widget\" data-widget_type=\"text-editor.default\">\n\t\t\t\t<div class=\"elementor-widget-container\">\n\t\t\t\t\t\t\t\t\t<p><span style=\"font-weight: 400;\">Une \u00e9quipe d&rsquo;experts \u00e0 vos c\u00f4t\u00e9s. Rejoignez une \u00e9quipe d&rsquo;experts dans le d\u00e9veloppement fort de nos 20 ans d&rsquo;exp\u00e9riences.<\/span><\/p>\t\t\t\t\t\t\t\t<\/div>\n\t\t\t\t<\/div>\n\t\t\t\t\t<\/div>\n\t\t<\/div>\n\t\t\t\t<div class=\"elementor-column elementor-col-50 elementor-top-column elementor-element elementor-element-78beb5b\" data-id=\"78beb5b\" data-element_type=\"column\" data-e-type=\"column\">\n\t\t\t<div class=\"elementor-widget-wrap elementor-element-populated\">\n\t\t\t\t\t\t<div class=\"elementor-element elementor-element-d76d790 elementor-widget elementor-widget-image\" data-id=\"d76d790\" data-element_type=\"widget\" data-e-type=\"widget\" data-widget_type=\"image.default\">\n\t\t\t\t<div class=\"elementor-widget-container\">\n\t\t\t\t\t\t\t\t\t\t\t\t\t\t\t<img fetchpriority=\"high\" decoding=\"async\" width=\"800\" height=\"492\" src=\"http:\/\/www.openinformatique.com\/wordpress\/wp-content\/uploads\/2022\/05\/01_equipe_experts-1024x630.png\" class=\"attachment-large size-large wp-image-661\" alt=\"\" srcset=\"http:\/\/www.openinformatique.com\/wordpress\/wp-content\/uploads\/2022\/05\/01_equipe_experts-1024x630.png 1024w, http:\/\/www.openinformatique.com\/wordpress\/wp-content\/uploads\/2022\/05\/01_equipe_experts-300x185.png 300w, http:\/\/www.openinformatique.com\/wordpress\/wp-content\/uploads\/2022\/05\/01_equipe_experts-768x472.png 768w, http:\/\/www.openinformatique.com\/wordpress\/wp-content\/uploads\/2022\/05\/01_equipe_experts.png 1260w\" sizes=\"(max-width: 800px) 100vw, 800px\" \/>\t\t\t\t\t\t\t\t\t\t\t\t\t\t\t<\/div>\n\t\t\t\t<\/div>\n\t\t\t\t\t<\/div>\n\t\t<\/div>\n\t\t\t\t\t<\/div>\n\t\t<\/section>\n\t\t\t\t<section class=\"elementor-section elementor-top-section elementor-element elementor-element-15912a4 elementor-section-boxed elementor-section-height-default elementor-section-height-default\" data-id=\"15912a4\" data-element_type=\"section\" data-e-type=\"section\" data-settings=\"{&quot;background_background&quot;:&quot;classic&quot;}\">\n\t\t\t\t\t\t<div class=\"elementor-container elementor-column-gap-wider\">\n\t\t\t\t\t<div class=\"elementor-column elementor-col-50 elementor-top-column elementor-element elementor-element-e0e1d7a\" data-id=\"e0e1d7a\" data-element_type=\"column\" data-e-type=\"column\">\n\t\t\t<div class=\"elementor-widget-wrap elementor-element-populated\">\n\t\t\t\t\t\t<div class=\"elementor-element elementor-element-60cd4c0 elementor-widget elementor-widget-image\" data-id=\"60cd4c0\" data-element_type=\"widget\" data-e-type=\"widget\" data-widget_type=\"image.default\">\n\t\t\t\t<div class=\"elementor-widget-container\">\n\t\t\t\t\t\t\t\t\t\t\t\t\t\t\t<img decoding=\"async\" width=\"800\" height=\"579\" src=\"http:\/\/www.openinformatique.com\/wordpress\/wp-content\/uploads\/2022\/05\/01_equipe-1024x741.png\" class=\"attachment-large size-large wp-image-659\" alt=\"\" srcset=\"http:\/\/www.openinformatique.com\/wordpress\/wp-content\/uploads\/2022\/05\/01_equipe-1024x741.png 1024w, http:\/\/www.openinformatique.com\/wordpress\/wp-content\/uploads\/2022\/05\/01_equipe-300x217.png 300w, http:\/\/www.openinformatique.com\/wordpress\/wp-content\/uploads\/2022\/05\/01_equipe-768x556.png 768w, http:\/\/www.openinformatique.com\/wordpress\/wp-content\/uploads\/2022\/05\/01_equipe.png 1500w\" sizes=\"(max-width: 800px) 100vw, 800px\" \/>\t\t\t\t\t\t\t\t\t\t\t\t\t\t\t<\/div>\n\t\t\t\t<\/div>\n\t\t\t\t\t<\/div>\n\t\t<\/div>\n\t\t\t\t<div class=\"elementor-column elementor-col-50 elementor-top-column elementor-element elementor-element-c5b3324\" data-id=\"c5b3324\" data-element_type=\"column\" data-e-type=\"column\">\n\t\t\t<div class=\"elementor-widget-wrap elementor-element-populated\">\n\t\t\t\t\t\t<div class=\"elementor-element elementor-element-93f79cb elementor-widget elementor-widget-heading\" data-id=\"93f79cb\" data-element_type=\"widget\" data-e-type=\"widget\" data-widget_type=\"heading.default\">\n\t\t\t\t<div class=\"elementor-widget-container\">\n\t\t\t\t\t<h2 class=\"elementor-heading-title elementor-size-default\">Les avantages de travailler chez open informatique<\/h2>\t\t\t\t<\/div>\n\t\t\t\t<\/div>\n\t\t\t\t<div class=\"elementor-element elementor-element-d915592 elementor-widget elementor-widget-text-editor\" data-id=\"d915592\" data-element_type=\"widget\" data-e-type=\"widget\" data-widget_type=\"text-editor.default\">\n\t\t\t\t<div class=\"elementor-widget-container\">\n\t\t\t\t\t\t\t\t\t<p><span style=\"font-weight: 400;\">Open informatique est une <\/span><b>soci\u00e9t\u00e9 \u00e0 taille humaine<\/b><span style=\"font-weight: 400;\"> offrant des <\/span><b>perspectives d\u2019\u00e9volution<\/b><span style=\"font-weight: 400;\">\u00a0et vous donnera acc\u00e8s \u00e0 <\/span><b>des projets d\u2019envergure<\/b><span style=\"font-weight: 400;\">.\u00a0<\/span><\/p><p><span style=\"font-weight: 400;\">Nos points forts :\u00a0<\/span><\/p><ul><li style=\"font-weight: 400;\" aria-level=\"1\"><span style=\"font-weight: 400;\">Une \u00e9quipe collaborative qui partage ses <\/span><span style=\"font-weight: 400;\">connaissances<\/span><\/li><li style=\"font-weight: 400;\" aria-level=\"1\"><span style=\"font-weight: 400;\">Diversit\u00e9 des plateformes : Client lourd, Web, API, mobile, SQL<\/span><\/li><li style=\"font-weight: 400;\" aria-level=\"1\"><b>Pas de routine<\/b><span style=\"font-weight: 400;\"> gr\u00e2ce \u00e0 la grande diversit\u00e9 de projets\u00a0<\/span><\/li><li style=\"font-weight: 400;\" aria-level=\"1\"><span style=\"font-weight: 400;\">\u00c9volution de carri\u00e8re bas\u00e9e sur l\u2019engagement et la qualit\u00e9 des r\u00e9alisations.<\/span><\/li><li style=\"font-weight: 400;\" aria-level=\"1\"><span style=\"font-weight: 400;\">Pas de turn-over<\/span><\/li><li style=\"font-weight: 400;\" aria-level=\"1\"><span style=\"font-weight: 400;\">Structure p\u00e9renne<\/span><\/li><\/ul>\t\t\t\t\t\t\t\t<\/div>\n\t\t\t\t<\/div>\n\t\t\t\t\t<\/div>\n\t\t<\/div>\n\t\t\t\t\t<\/div>\n\t\t<\/section>\n\t\t\t\t<section class=\"elementor-section elementor-top-section elementor-element elementor-element-0320069 elementor-reverse-mobile elementor-section-boxed elementor-section-height-default elementor-section-height-default\" data-id=\"0320069\" data-element_type=\"section\" data-e-type=\"section\">\n\t\t\t\t\t\t<div class=\"elementor-container elementor-column-gap-wider\">\n\t\t\t\t\t<div class=\"elementor-column elementor-col-50 elementor-top-column elementor-element elementor-element-8a2353d\" data-id=\"8a2353d\" data-element_type=\"column\" data-e-type=\"column\">\n\t\t\t<div class=\"elementor-widget-wrap elementor-element-populated\">\n\t\t\t\t\t\t<div class=\"elementor-element elementor-element-a93ba87 elementor-widget elementor-widget-heading\" data-id=\"a93ba87\" data-element_type=\"widget\" data-e-type=\"widget\" data-widget_type=\"heading.default\">\n\t\t\t\t<div class=\"elementor-widget-container\">\n\t\t\t\t\t<h2 class=\"elementor-heading-title elementor-size-default\">En recherche constante de profils exp\u00e9riment\u00e9s<\/h2>\t\t\t\t<\/div>\n\t\t\t\t<\/div>\n\t\t\t\t<div class=\"elementor-element elementor-element-e32cabb elementor-widget elementor-widget-text-editor\" data-id=\"e32cabb\" data-element_type=\"widget\" data-e-type=\"widget\" data-widget_type=\"text-editor.default\">\n\t\t\t\t<div class=\"elementor-widget-container\">\n\t\t\t\t\t\t\t\t\t<p><span style=\"font-weight: 400;\">Partagez nos valeurs de performance.<\/span><\/p><p><span style=\"font-weight: 400;\">Vous \u00eates chef de projet, analyste, d\u00e9veloppeur, vous \u00eates passionn\u00e9 par votre m\u00e9tier, vous souhaitez \u00e9voluer au sein d&rsquo;une \u00e9quipe \u00e0 taille humaine et vous envisagez un partenariat \u00e0 long terme, votre candidature nous int\u00e9resse !<\/span><\/p>\t\t\t\t\t\t\t\t<\/div>\n\t\t\t\t<\/div>\n\t\t\t\t\t<\/div>\n\t\t<\/div>\n\t\t\t\t<div class=\"elementor-column elementor-col-50 elementor-top-column elementor-element elementor-element-f9f2d69\" data-id=\"f9f2d69\" data-element_type=\"column\" data-e-type=\"column\">\n\t\t\t<div class=\"elementor-widget-wrap elementor-element-populated\">\n\t\t\t\t\t\t<div class=\"elementor-element elementor-element-f1b01ce elementor-widget elementor-widget-image\" data-id=\"f1b01ce\" data-element_type=\"widget\" data-e-type=\"widget\" data-widget_type=\"image.default\">\n\t\t\t\t<div class=\"elementor-widget-container\">\n\t\t\t\t\t\t\t\t\t\t\t\t\t\t\t<img decoding=\"async\" width=\"800\" height=\"600\" src=\"http:\/\/www.openinformatique.com\/wordpress\/wp-content\/uploads\/2022\/05\/01_equipe_recherche-1024x768.png\" class=\"attachment-large size-large wp-image-662\" alt=\"\" srcset=\"http:\/\/www.openinformatique.com\/wordpress\/wp-content\/uploads\/2022\/05\/01_equipe_recherche-1024x768.png 1024w, http:\/\/www.openinformatique.com\/wordpress\/wp-content\/uploads\/2022\/05\/01_equipe_recherche-300x225.png 300w, http:\/\/www.openinformatique.com\/wordpress\/wp-content\/uploads\/2022\/05\/01_equipe_recherche-768x576.png 768w, http:\/\/www.openinformatique.com\/wordpress\/wp-content\/uploads\/2022\/05\/01_equipe_recherche.png 1500w\" sizes=\"(max-width: 800px) 100vw, 800px\" \/>\t\t\t\t\t\t\t\t\t\t\t\t\t\t\t<\/div>\n\t\t\t\t<\/div>\n\t\t\t\t\t<\/div>\n\t\t<\/div>\n\t\t\t\t\t<\/div>\n\t\t<\/section>\n\t\t\t\t<section class=\"elementor-section elementor-top-section elementor-element elementor-element-4277cb9 elementor-section-boxed elementor-section-height-default elementor-section-height-default\" data-id=\"4277cb9\" data-element_type=\"section\" data-e-type=\"section\" data-settings=\"{&quot;background_background&quot;:&quot;gradient&quot;}\">\n\t\t\t\t\t\t<div class=\"elementor-container elementor-column-gap-default\">\n\t\t\t\t\t<div class=\"elementor-column elementor-col-100 elementor-top-column elementor-element elementor-element-83a6b23\" data-id=\"83a6b23\" data-element_type=\"column\" data-e-type=\"column\">\n\t\t\t<div class=\"elementor-widget-wrap elementor-element-populated\">\n\t\t\t\t\t\t<div class=\"elementor-element elementor-element-17fc91d elementor-widget elementor-widget-heading\" data-id=\"17fc91d\" data-element_type=\"widget\" data-e-type=\"widget\" data-widget_type=\"heading.default\">\n\t\t\t\t<div class=\"elementor-widget-container\">\n\t\t\t\t\t<h2 class=\"elementor-heading-title elementor-size-default\">Vous avez le profil ? <\/h2>\t\t\t\t<\/div>\n\t\t\t\t<\/div>\n\t\t\t\t<div class=\"elementor-element elementor-element-8ef7c93 elementor-widget elementor-widget-text-editor\" data-id=\"8ef7c93\" data-element_type=\"widget\" data-e-type=\"widget\" data-widget_type=\"text-editor.default\">\n\t\t\t\t<div class=\"elementor-widget-container\">\n\t\t\t\t\t\t\t\t\t<p>Postulez en nous envoyant votre CV et votre lettre de motivation<\/p>\t\t\t\t\t\t\t\t<\/div>\n\t\t\t\t<\/div>\n\t\t\t\t<div class=\"elementor-element elementor-element-036d764 elementor-align-center elementor-widget elementor-widget-button\" data-id=\"036d764\" data-element_type=\"widget\" data-e-type=\"widget\" data-widget_type=\"button.default\">\n\t\t\t\t<div class=\"elementor-widget-container\">\n\t\t\t\t\t\t\t\t\t<div class=\"elementor-button-wrapper\">\n\t\t\t\t\t<a class=\"elementor-button elementor-button-link elementor-size-xs\" href=\"mailto:contact@openinformatique.com\">\n\t\t\t\t\t\t<span class=\"elementor-button-content-wrapper\">\n\t\t\t\t\t\t\t\t\t<span class=\"elementor-button-text\">POSTULER<\/span>\n\t\t\t\t\t<\/span>\n\t\t\t\t\t<\/a>\n\t\t\t\t<\/div>\n\t\t\t\t\t\t\t\t<\/div>\n\t\t\t\t<\/div>\n\t\t\t\t\t<\/div>\n\t\t<\/div>\n\t\t\t\t\t<\/div>\n\t\t<\/section>\n\t\t\t\t<\/div>\n\t\t","protected":false},"excerpt":{"rendered":"<p>Rejoignez l\u2019\u00e9quipe Venez partager nos valeurs de performance.Vous \u00eates chef de projet, analyste, d\u00e9veloppeur, vous \u00eates passionn\u00e9 par votre m\u00e9tier, vous souhaitez \u00e9voluer au sein d&rsquo;une \u00e9quipe \u00e0 taille humaine et vous envisagez un partenariat \u00e0 long terme, votre candidature nous int\u00e9resse ! Notre \u00e9quipe Une \u00e9quipe d&rsquo;experts \u00e0 vos c\u00f4t\u00e9s. Rejoignez une \u00e9quipe d&rsquo;experts [&hellip;]<\/p>\n","protected":false},"author":1,"featured_media":0,"parent":0,"menu_order":0,"comment_status":"closed","ping_status":"closed","template":"elementor_canvas","meta":{"footnotes":""},"class_list":["post-19","page","type-page","status-publish","hentry"],"_links":{"self":[{"href":"https:\/\/www.openinformatique.com\/wordpress\/index.php?rest_route=\/wp\/v2\/pages\/19","targetHints":{"allow":["GET"]}}],"collection":[{"href":"https:\/\/www.openinformatique.com\/wordpress\/index.php?rest_route=\/wp\/v2\/pages"}],"about":[{"href":"https:\/\/www.openinformatique.com\/wordpress\/index.php?rest_route=\/wp\/v2\/types\/page"}],"author":[{"embeddable":true,"href":"https:\/\/www.openinformatique.com\/wordpress\/index.php?rest_route=\/wp\/v2\/users\/1"}],"replies":[{"embeddable":true,"href":"https:\/\/www.openinformatique.com\/wordpress\/index.php?rest_route=%2Fwp%2Fv2%2Fcomments&post=19"}],"version-history":[{"count":22,"href":"https:\/\/www.openinformatique.com\/wordpress\/index.php?rest_route=\/wp\/v2\/pages\/19\/revisions"}],"predecessor-version":[{"id":756,"href":"https:\/\/www.openinformatique.com\/wordpress\/index.php?rest_route=\/wp\/v2\/pages\/19\/revisions\/756"}],"wp:attachment":[{"href":"https:\/\/www.openinformatique.com\/wordpress\/index.php?rest_route=%2Fwp%2Fv2%2Fmedia&parent=19"}],"curies":[{"name":"wp","href":"https:\/\/api.w.org\/{rel}","templated":true}]}}